83
Calculate the highest common factor of 259076 and 1434.
478
What is the highest common divisor of 688 and 37680?
16
Calculate the greatest common factor of 490 and 1028.
2
What is the highest common factor of 438126 and 984?
246
What is the highest common divisor of 885 and 45?
15
Calculate the greatest common factor of 559 and 293995.
13
Calculate the highest common factor of 258 and 1164.
6
Calculate the highest common factor of 105198 and 394.
394
What is the greatest common divisor of 6 and 141378?
6
What is the greatest common divisor of 326871 and 18?
9
What is the greatest common factor of 401660 and 280?
140
Calculate the greatest common factor of 11211 and 36741.
111
Calculate the highest common factor of 1460 and 74440.
20
What is the highest common factor of 441 and 92806?
49
What is the greatest common divisor of 41252 and 20?
4
What is the greatest common factor of 4501 and 277776?
643
Calculate the greatest common divisor of 578 and 986.
34
What is the greatest common factor of 189059 and 39?
13
Calculate the highest common factor of 2355 and 2940.
15
What is the greatest common factor of 42225 and 255?
15
Calculate the greatest common factor of 20 and 3120.
20
What is the greatest common factor of 2509200 and 4800?
1200
What is the highest common divisor of 36 and 7930?
2
Calculate the highest common factor of 54 and 4480.
2
Calculate the greatest common factor of 3844 and 560263.
961
Calculate the highest common factor of 55572 and 36.
12
Calculate the greatest common factor of 81 and 612486.
9
Calculate the highest common divisor of 1480 and 46990.
370
Calculate the highest common divisor of 799780 and 50.
10
What is the greatest common factor of 816 and 34068?
204
Calculate the highest common divisor of 88981 and 1111.
101
Calculate the greatest common factor of 415222 and 522.
58
What is the highest common divisor of 118655 and 3040?
95
Calculate the highest common factor of 100 and 20.
20
What is the highest common factor of 5785 and 455?
65
Calculate the greatest common factor of 8 and 203704.
8
What is the highest common divisor of 98568 and 6?
6
Calculate the greatest common divisor of 122 and 1281.
61
What is the highest common factor of 6850040 and 200?
40
Calculate the greatest common factor of 448 and 44736.
64
Calculate the highest common divisor of 205 and 37720.
205
What is the highest common divisor of 160608 and 8?
8
What is the greatest common divisor of 385998 and 6?
6
Calculate the greatest common divisor of 93616 and 80.
16
Calculate the greatest common divisor of 7678 and 440.
22
Calculate the greatest common divisor of 22256 and 125404.
428
What is the greatest common divisor of 26826 and 3570?
102
Calculate the greatest common factor of 3230 and 136629.
323
Calculate the highest common factor of 48675 and 300.
75
Calculate the greatest common divisor of 87928 and 60.
4
Calculate the greatest common divisor of 735 and 14259.
147
Calculate the greatest common factor of 275 and 693605.
55
What is the highest common divisor of 5994 and 145962?
162
What is the greatest common factor of 65 and 485?
5
What is the greatest common divisor of 29605 and 310?
155
Calculate the greatest common divisor of 28 and 647269.
7
What is the highest common factor of 286 and 442?
26
What is the highest common divisor of 6 and 18926?
2
Calculate the greatest common divisor of 3501960 and 24.
24
What is the greatest common factor of 48640 and 2375?
95
Calculate the highest common divisor of 408 and 18648.
24
What is the greatest common factor of 36312 and 110568?
408
What is the greatest common factor of 8268 and 39750?
318
Calculate the greatest common factor of 605 and 16970.
5
What is the greatest common factor of 23994 and 155?
31
What is the highest common factor of 36 and 57444?
12
What is the highest common divisor of 166248 and 3384?
72
Calculate the highest common divisor of 405533 and 43.
43
What is the greatest common factor of 5728 and 352?
32
Calculate the greatest common divisor of 195 and 297024.
39
Calculate the highest common divisor of 268 and 42277.
67
Calculate the highest common factor of 46684 and 88.
44
What is the highest common divisor of 3311 and 112?
7
What is the greatest common factor of 4 and 1348?
4
What is the greatest common factor of 47537 and 259?
7
What is the greatest common factor of 20 and 60055?
5
Calculate the highest common factor of 11456 and 704.
64
Calculate the greatest common divisor of 21555 and 180.
45
Calculate the highest common divisor of 138583 and 1807.
139
Calculate the greatest common factor of 1099 and 448.
7
What is the greatest common divisor of 12 and 338544?
12
What is the greatest common factor of 306 and 45?
9
Calculate the greatest common divisor of 1675 and 550.
25
Calculate the greatest common divisor of 290 and 1012448.
58
Calculate the greatest common divisor of 2372 and 3196.
4
What is the greatest common divisor of 278110 and 638?
58
Calculate the greatest common factor of 95 and 53195.
5
Calculate the greatest common factor of 1458 and 882.
18
Calculate the highest common factor of 67 and 104587.
67
What is the greatest common divisor of 1921 and 1836?
17
Calculate the highest common divisor of 449 and 410835.
449
Calculate the highest common divisor of 19375 and 1209.
31
Calculate the greatest common factor of 30 and 126480.
30
What is the greatest common divisor of 648 and 287832?
24
Calculate the greatest common divisor of 117 and 62919.
9
What is the greatest common factor of 22910 and 98750?
790
What is the greatest common divisor of 10168 and 31488?
328
What is the greatest common factor of 1551 and 2673?
33
What is the highest common divisor of 2220 and 360084?
444
Calculate the greatest common divisor of 60829 and 531.
59
What is the highest common divisor of 600 and 75225?
75
Calculate the greatest common divisor of 3320 and 268505.
415
Calculate the highest common factor of 272 and 1394.
34
Calculate the highest common divisor of 667 and 529.
23
Calculate the highest common factor of 2004 and 5511.
501
What is the highest common factor of 23130 and 54?
18
What is the highest common factor of 171149 and 968?
11
What is the highest common divisor of 9613529 and 29?
29
Calculate the highest common divisor of 41656 and 176276.
508
What is the highest common divisor of 19186 and 3439?
181
Calculate the highest common divisor of 22101 and 55044.
417
Calculate the highest common factor of 1704157 and 854.
427
Calculate the highest common factor of 3763 and 3621.
71
Calculate the greatest common factor of 525 and 126945.
105
Calculate the highest common factor of 28 and 533064.
28
What is the greatest common divisor of 5074 and 4214?
86
What is the greatest common factor of 1129 and 11?
1
What is the greatest common factor of 82058 and 1383?
461
What is the greatest common divisor of 55714 and 890?
178
What is the highest common divisor of 339663 and 228?
57
Calculate the greatest common divisor of 2526 and 589400.
842
What is the greatest common factor of 136 and 35411?
17
What is the greatest common factor of 3 and 460029?
3
Calculate the greatest common factor of 216 and 3843432.
72
Calculate the greatest common divisor of 636 and 9852.
12
Calculate the highest common factor of 20798 and 10.
2
Calculate the highest common divisor of 4 and 17292.
4
What is the highest common factor of 21980 and 40?
20
What is the highest common divisor of 12485 and 1100?
55
Calculate the highest common divisor of 847 and 56144.
121
Calculate the greatest common divisor of 27 and 6471.
9
Calculate the greatest common factor of 1040 and 387920.
1040
Calculate the highest common divisor of 27657 and 63.
63
Calculate the greatest common divisor of 725 and 5916725.
725
Calculate the highest common divisor of 672010 and 590.
590
What is the highest common divisor of 693 and 2667?
21
Calculate the highest common factor of 20 and 41300.
20
Calculate the greatest common factor of 396 and 7348.
44
What is the greatest common factor of 9085 and 40480?
115
Calculate the greatest common divisor of 213 and 127516.
71
What is the highest common divisor of 5800 and 1550?
50
What is the greatest common divisor of 2532704 and 32?
32
Calculate the greatest common divisor of 17409 and